e number?
True
Is 998412293 prime?
True
Is 1005279571 composite?
False
Is 3366702917 composite?
False
Is 1122464633 a composite number?
True
Is 1157301109 composite?
True
Is 11198232587 a prime number?
False
Is 835246283 a prime number?
True
Is 1388274889 prime?
True
Is 7064103239 a composite number?
True
Is 64491808811 a composite number?
False
Is 8166987349 a prime number?
False
Is 274178207 composite?
False
Is 86320207 a prime number?
False
Is 58891883 prime?
False
Is 4083651967 a prime number?
False
Is 513000263 a composite number?
False
Is 2034347641 composite?
False
Is 64689837311 prime?
False
Is 2378318639 prime?
False
Is 17424741937 prime?
False
Is 1190772677 a composite number?
True
Is 3870203333 prime?
True
Is 1615945349 a prime number?
False
Is 13317734269 composite?
True
Is 323800193 a prime number?
False
Is 4558955039 a prime number?
True
Is 7849547029 composite?
False
Is 3443167027 composite?
True
Is 497116769 a prime number?
False
Is 12566650319 prime?
True
Is 84572018653 a composite number?
False
Is 654236059 a composite number?
True
Is 8140684393 a prime number?
False
Is 10628866799 a prime number?
False
Is 9206305597 a composite number?
True
Is 9219947329 a prime number?
False
Is 33419820389 a prime number?
True
Is 14070250171 a prime number?
True
Is 1219493999 a prime number?
True
Is 29800775729 a composite number?
False
Is 44622435643 a prime number?
False
Is 7247782951 composite?
True
Is 35786383811 prime?
True
Is 25320733 prime?
False
Is 252691643 a composite number?
True
Is 23994379 composite?
True
Is 236299668895 prime?
False
Is 81485111627 a prime number?
False
Is 1853479841 prime?
True
Is 474272417 a composite number?
False
Is 7807024193 a prime number?
True
Is 141292357 a prime number?
True
Is 259358377 a composite number?
False
Is 2083328047 prime?
False
Is 1556696203 a prime number?
True
Is 206908109 prime?
True
Is 1623624437 prime?
True
Is 1787123771 a composite number?
True
Is 280761401 composite?
False
Is 778455917 composite?
False
Is 796006891 composite?
False
Is 3306088211 a prime number?
True
Is 35979166577 a composite number?
False
Is 641006771 a prime number?
False
Is 760272301 a composite number?
False
Is 708118787 prime?
True
Is 95503999 composite?
False
Is 49988388937 composite?
True
Is 22950899173 composite?
False
Is 4415232191 prime?
False
Is 7406557087 prime?
False
Is 540997543 a composite number?
True
Is 15274691797 composite?
False
Is 2719726991 composite?
False
Is 716202407 composite?
False
Is 61913777 a composite number?
False
Is 865787633 prime?
False
Is 2860852783 a prime number?
False
Is 19291965739 composite?
True
Is 223683271 prime?
False
Is 1302673679 prime?
False
Is 31481866389 a composite number?
True
Is 140505149 a prime number?
False
Is 11884390519 a composite number?
False
Is 2535378647 prime?
False
Is 11474941747 composite?
True
Is 3161820223 prime?
True
Is 313521059351 a prime number?
True
Is 48115570663 composite?
True
Is 49104311561 prime?
False
Is 103910133533 composite?
False
Is 26117042879 a composite number?
True
Is 53519389841 a composite number?
True
Is 172989716219 a prime number?
False
Is 9358229701 prime?
True
Is 6197436023 composite?
False
Is 425007001 prime?
True
Is 2054669717 a prime number?
True
Is 185375797 composite?
True
Is 3402819869 a composite number?
False
Is 7705029727 prime?
False
Is 98531567151 composite?
True
Is 58798099 a composite number?
True
Is 14514809059 a composite number?
True
Is 4485161383 a composite number?
False
Is 1234542061 prime?
False
Is 7538014415 prime?
False
Is 481774285 a composite number?
True
Is 4512090829 prime?
True
Is 58206683135 a prime number?
False
Is 109151958779 a prime number?
True
Is 78381419209 prime?
True
Is 2625416621 prime?
False
Is 34033093 prime?
True
Is 115955867113 prime?
True
Is 834169153 a prime number?
True
Is 70479929887 a composite number?
True
Is 127258667981 a prime number?
True
Is 5260886311 a composite number?
False
Is 942244583 prime?
False
Is 2108454493 composite?
True
Is 18448906111 a prime number?
True
Is 9757063553 prime?
True
Is 3146532803 a composite number?
False
Is 217250359 prime?
True
Is 9813685393 a composite number?
False
Is 4067225873 a prime number?
True
Is 6034845353 composite?
False
Is 226630931 a prime number?
True
Is 47388661 a composite number?
True
Is 35175962057 composite?
True
Is 1718227463 prime?
True
Is 10894798009 prime?
False
Is 6161450803 prime?
True
Is 129459727 a composite number?
True
Is 58460991461 prime?
True
Is 1186241281 composite?
False
Is 328603447 a composite number?
False
Is 1038118153 prime?
False
Is 21480292643 composite?
True
Is 41302257083 prime?
True
Is 7607716621 prime?
True
Is 1950931991 a prime number?
True
Is 1113569987 a prime number?
True
Is 1413732841 a prime number?
False
Is 24329365951 a composite number?
True
Is 2997566807 composite?
True
Is 30184078021 composite?
False
Is 1899977533 a prime number?
False
Is 1725327913 a prime number?
True
Is 294055262 composite?
True
Is 5244694159 composite?
True
Is 96497562419 a composite number?
True
Is 12123163841 composite?
True
Is 20605395521 a composite number?
False
Is 1032307417 composite?
True
Is 15443649139 composite?
False
Is 23777336609 a composite number?
True
Is 1980535255 prime?
False
Is 9115922863 a composite number?
False
Is 18841658243 prime?
False
Is 357863757 a prime number?
False
Is 312807917 prime?
True
Is 148832913431 prime?
True
Is 17834128813 composite?
True
Is 6811897627 prime?
False
Is 28798997 prime?
True
Is 134454788773 a composite number?
False
Is 30965888953 prime?
False
Is 13067551639 prime?
False
Is 1000170499 a prime number?
True
Is 523660061 prime?
False
Is 20292752833 a prime number?
True
Is 1365702581 prime?
False
Is 4723745731 prime?
True
Is 3689555141 prime?
False
Is 8682928753 a composite number?
True
Is 163994341 a prime number?
False
Is 1084611901 a composite number?
False
Is 4415006069 a prime number?
False
Is 2484250733 a composite number?
False
Is 46708482329 a composite number?
False
Is 1481180819 prime?
False
Is 5695690235 a composite number?
True
Is 17416953187 prime?
True
Is 134176199 composite?
False
Is 225757599 a composite number?
True
Is 736668719 composite?
False
Is 226812653 prime?
True
Is 3616916281 a composite number?
True
Is 41297599751 a prime number?
False
Is 66803483693 composite?
True
Is 59077198969 prime?
True
Is 319052777 a composite number?
True
Is 25758184313 prime?
False
Is 6036676969 prime?
True
Is 93601153137 a composite number?
True
Is 701110087 composite?
False
Is 12239136313 a composite number?
False
Is 2912379811 a prime number?
False
Is 1226031167 a composite number?
False
Is 266375069 prime?
True
Is 4638782543 a composite number?
False
Is 4766749189 composite?
False
Is 4074034555 composite?
True
Is 18371651297 a composite number?
True
Is 11425429403 prime?
False
Is 2908579357 prime?
True
Is 175600267 composite?
False
Is 17041895723 a prime number?
True
Is 3776731559 a prime number?
True
Is 3014810234 prime?
False
Is 4080521387 a prime number?
True
Is 4560807469 a composite number?
False
Is 41296159 a composite number?
False
Is 81503380367 prime?
True
Is 161944492357 composite?
True
Is 10621495509 a prime number?
False
Is 40711265501 composite?
True
Is 560000717 prime?
True
Is 11556069283 prime?
False
Is 3934885973 a prime number?
False
Is 70108231 composite?
False
Is 6593197939 a composite number?
True
Is 313799273 a composite number?
True
Is 1310581289 a prime number?
False
Is 426991717 composite?
True
Is 315444331 composite?
True
Is 11307105373 a prime number?
True
Is 2028112085 composite?
True
Is 1325744293 composite?
True
Is 245362161094 a prime number?
False
Is 3574294133 prime?
True
Is 13440126313 a prime number?
False
Is 37769531 prime?
True
Is 12277725755 a composite number?
True
Is 1579441 a composite number?
True
Is 4809131 prime?
False
Is 164643956395 composite?
True
Is 169909589 prime?
False
Is 2717141783 composite?
True
Is 69669643 composite?
False
Is 3068801101 prime?
False
Is 111587657 a prime number?
True
Is 234572826451 a composite number?
False
Is 11323939153 prime?
True
Is 2794714295 a composite number?
True
Is 41084108657 composite?
True
Is 329945789 a prime number?
False
Is 3891756403 a prime number?
True
Is 8451791821 prime